0 - 4) + 17 + -1. Suppose -3*h + m + 3 = 0. Suppose -h*u + u + 1156 = 0. Is u prime?
False
Suppose 8*u + 8 - 8 = 0. Let k be u/(2/(-7) + 38/(-14)). Suppose k = -4*g + 4444 - 888. Is g a prime number?
False
Let n = 2214587 - 421924. Is n prime?
True
Let h = 20 - 65. Let r = 57 + h. Suppose 0 = 3*d - r*d + 17541. Is d a composite number?
False
Let m(c) be the first derivative of c**3/3 - 7*c**2/2 + 7*c - 12. Let l be m(10). Suppose -l = -z + 198. Is z a composite number?
True
Suppose -56 = -2*s - 5*s. Suppose 17 = s*i - 15. Suppose 5*r - 4*x = 1245, 248 = r - i*x + 3*x. Is r a composite number?
True
Suppose -12*s + 2*s - 100 = 0. Let c be 3/15 - 2068/s. Suppose 0 = 3*f - 2*z - c - 12, 207 = 3*f + 2*z. Is f composite?
False
Let a(f) = -10*f - 27. Let c be a(-3). Suppose t = 5*d + 901, 5*d + 3261 - 518 = c*t. Is t composite?
True
Let h(t) = 785*t**2 - 2*t + 49. Is h(6) a composite number?
False
Let t(b) = -2*b**3 - 172*b**2 - 228*b - 411. Is t(-94) a prime number?
False
Let h = 94378 + 438. Suppose -h = -5*q + 3*m, -4*q + 3*m - 18429 + 94280 = 0. Is q composite?
True
Let v(x) = -x**2 - 2*x + 5. Let z be v(-2). Suppose -z*b = 19*t - 23*t - 6827, 4*t = b - 1375. Is b a prime number?
False
Let v = -718 + 1749. Let s = v - -248. Is s prime?
True
Suppose -200 - 52 = t. Is 3/(-2)*(t - 46) prime?
False
Let n be (-1 + 3)/(4/1194). Suppose -4*h - 12 = 0, 6*c + 2*h - 38 = -14. Suppose -2309 = -3*v - 2*i, n = c*v + i - 3249. Is v a composite number?
False
Let g(i) = -76 + 75*i + 156*i + 61. Is g(6) a prime number?
False
Suppose 0 = -3*d + 4281 + 1767. Suppose 82*w = 77*w - 2*x - 6163, 3*x = -2*w - 2452. Let y = d + w. Is y prime?
False
Let v(w) = 191 - 15 - 37 + 78 - 37*w. Is v(3) a composite number?
True
Let n(t) = 31*t**3 + 5*t**2 + 6*t - 183. Is n(10) prime?
False
Suppose 254866 + 117005 = 81*x. Is x composite?
False
Suppose -5*w + 4*u = -118400, -2*w + 2*u + 3*u = -47343. Suppose -3*c + 4*v = -17765, 4*c - w = -16*v + 20*v. Is c prime?
False
Let n be (63504/(-32))/((-2)/20). Suppose 0 = 10*x - 19085 - n. Is x prime?
False
Let i = -196 + 196. Suppose i*y = 2*y + 3*b - 2317, 0 = -y + b + 1146. Is y prime?
True
Suppose 255*h = 268*h - 217178. Is h prime?
False
Suppose a + 4*q - 25085 = 0, 41*a - 50179 = 39*a - 5*q. Is a a composite number?
False
Let h = -160140 - -271285. Is h a composite number?
True
Let g(j) = -j**2 + 2*j - 2. Let l be g(0). Is (1 - -1)/(l/(-1913) - 0) composite?
False
Let g be (-20)/(-6) + 4/6. Let o(x) = -2*x - 9. Let l be o(-7). Suppose -l*z = 5*h - 2395, g*h = -3*z + z + 1916. Is h a composite number?
False
Is (58/319)/((-10)/(-7796855)) composite?
False
Let h(j) = -7*j - 256. Let u be h(-37). Suppose -2534 - 2434 = -5*l - u*m, 2 = 2*m. Is l a composite number?
True
Let z = -338773 + 540786. Is z a composite number?
True
Let n = 57794 - 37894. Suppose t - n = -9*t. Suppose f - t = -405. Is f a prime number?
False
Let j = 194612 - 95549. Suppose -10*o + 112547 + j = 0. Is o a composite number?
True
Suppose -10707 = -l + 16616. Is l a composite number?
True
Let p = -689 - -395. Suppose -2*l + l = -527. Let h = l - p. Is h a prime number?
True
Let d(j) = 2*j**2 + 12*j - 45. Let p be d(3). Suppose -2*n + 66106 = -2*k, 2*n - 10*k - 66102 = -p*k. Is n a prime number?
True
Let z be (-806225)/(-250) - 2/(-20). Suppose 5*n - 621 = -k, -3*k = -8*k + 5*n + z. Is k a prime number?
True
Let n(l) be the first derivative of 17*l**3/3 - 43*l**2/2 + 19*l + 40. Is n(17) a prime number?
True
Let f = -98047 - -173156. Is f composite?
False
Let b be ((-6)/8)/((-2)/8). Suppose 7*s - 6*s = b. Let l(r) = 7*r**3 - 3*r**2 - 3. Is l(s) a composite number?
True
Let i = 9063 + -6107. Is 80/320*(i + 0) composite?
False
Let b(y) = -7*y + 31. Let u be b(3). Is ((-5)/u)/((3 - -1)/(-100072)) a composite number?
True
Suppose -5*h = -3*t + 568214, 5*t + 24*h - 22*h - 947013 = 0. Is t a prime number?
False
Is (285/(-475))/((-15)/6529475) a composite number?
True
Let x(n) = 5875*n + 3859. Is x(18) a composite number?
False
Let o = 15 - 30. Let b be 5/(-25) - (-792)/o. Let f = -39 - b. Is f prime?
False
Let k = 43794 - 20987. Is k a composite number?
False
Let k(b) = -64*b**3 - 10*b**2 - 10*b - 4. Let j be k(8). Let v = 66811 + j. Suppose v = 7*u - 18124. Is u prime?
True
Suppose 15 = -7*y + 10*y. Suppose 0 = 3*t - k + 4*k + 24, y*k = 15. Let f(j) = -2*j**3 - 13*j**2 + 23*j - 15. Is f(t) prime?
True
Let n = 16 - 14. Suppose -4*w = n*w + 12. Is 1803 + (-3 - w - 1) prime?
True
Let z(x) = 9 + 4 - 17 - 24 + 6975*x. Is z(1) a composite number?
False
Suppose -2559423 = -33*s + 393549. Suppose -6*f + 320610 - s = 0. Is f composite?
True
Let n(c) = -4*c - 7. Let m be n(-16). Let t = 68 - m. Suppose t*o = 13*o - 326. Is o prime?
True
Let r(a) = a**3 - 10*a**2 + 8*a + 15. Let i be r(9). Suppose -3*m = b + 4 + i, 4*m + 4*b + 8 = 0. Is (-2876)/(0 - m)*-1 composite?
False
Suppose 17*q + 1 - 1 = 0. Suppose 5*l - 293 = -2*w, 3*w - 447 = -q*w - 5*l. Let p = w - -3. Is p composite?
False
Suppose -2*d + 313421 = 22*m - 23*m, -2*m + 783557 = 5*d. Is d a composite number?
True
Suppose -115*b + 10759540 = -71*b. Is b prime?
False
Suppose 6776 + 4193 = 7*o. Is o composite?
False
Suppose 0 = -191*m + 188*m - 12, 131298 = 2*o - 5*m. Is o a prime number?
False
Is (-10)/25 - (-35851675)/125 prime?
True
Let o be (-4 - -3 - -2)*(-2 - -7). Suppose 0 = h - o, 0*h = a + 2*h - 911. Is a a composite number?
True
Let t(n) = 35*n**2 - 4*n + 6. Let c be t(6). Suppose 5*y + c = 7057. Is y a composite number?
False
Is -132 + 133 - 950148/(-1) a composite number?
False
Let l(i) = -i**3 + 7*i**2 + 8*i. Let r be l(8). Suppose m - 5556 = -r*m + 2*x, -m + x = -5555. Suppose 0 = -6*v + m - 232. Is v a prime number?
True
Let a = -38116 + 67815. Is a a prime number?
False
Let g = 215761 - 48690. Is g prime?
True
Suppose -5*d = -0*d - 7685. Suppose -8*x = 2*i + 1612, 4*i + 5*x = 8*i + 3287. Let b = i + d. Is b a composite number?
False
Let c = -1131999 - -2379500. Is c a composite number?
False
Let p(y) be the second derivative of -611*y**3/3 - 103*y**2/2 - y - 3. Is p(-26) prime?
False
Suppose -9*o + 4494 = -726. Let c be (-27)/6*o/15. Let n = c - -653. Is n composite?
False
Suppose 0 = 7*m - 3*m - 80. Let l(a) = 34*a + 3. Is l(m) composite?
False
Suppose 0 = 14*y - 54 + 26. Is y/((-22200)/(-11095) + -2) composite?
True
Let j(s) = 1732*s - 479. Is j(27) prime?
False
Suppose -5*a + 48*a = 1233541. Is a prime?
True
Suppose -3*t = 2*m - 248647, -3*m - 331535 = 67*t - 71*t. Is t a prime number?
True
Suppose -4*b + 3*w = -10551 - 10836, -4*b + 5*w + 21381 = 0. Is b a composite number?
True
Let z = 3778 - 2664. Let w = z - 533. Let s = -162 + w. Is s a composite number?
False
Let v = 159 + -132. Suppose -v*m = -4*g - 28*m + 29285, -5*g - 4*m + 36609 = 0. Is g a composite number?
False
Let a(p) be the third derivative of -17*p**6/60 + p**5/15 - p**4/8 - 11*p**3/3 - 58*p**2 - 2. Is a(-9) composite?
True
Suppose 17*f = 19*f + 5*k - 52208, -2 = -k. Is f a composite number?
False
Let u be (0 - (-2 - -2))/3. Suppose b + 0*a = -2*a + 1522, u = -4*b + 2*a + 6098. Let k = b - 845. Is k a composite number?
True
Let n(q) = -q**3 + 10*q**2 + 9*q + 2. Let i be n(11). Let b(f) = 52 - 9*f - 71 - 9*f - 30*f. Is b(i) prime?
True
Let d(h) = 17*h - 8. Let k be d(2). Let j = 29 - k. Suppose -9145 = -2*l - j*l. Is l a composite number?
True
Suppose 10*s + 27 = s. Let q = s - -3. Is -4 + 4 - (q - 633) a prime number?
False
Let a(v) = -335*v + 58. Let k(l) = -223*l + 39. Let h be (26/39)/((-4)/30). Let f(b) = h*a(b) + 8*k(b). Is f(-13) a prime number?
True
Let a(i) be the third derivative of 17*i**5/60 - 7*i**4/8 - 37*i**3/6 + 94*i**2. Is a(-13) composite?
False
Suppose 4*b - 2*s - 8 = 0, -5*b = -b + 2*s - 8. Suppose -2*c + b*l - 3 = 1, l = 0. Is c + 0 + 0 + (157 - -6) prime?
False
Is (-13 - -62255)*((-22)/(-28) - (-2)/(-7)) a composite number?
False
Let y(u) = -5804*u**3 + 7*u**2 + 10*u - 1. Is y(-2) a prime number?
True
Let a(b) = 11*b + 6 - 307*b**2 + 308*b**2 + 12. Let r be a(-9). Suppose r = -5*y + 3*t + 227, -4*y + 2*t = 3*t - 168. Is y a prime number?
True
Suppose 6 = -38*t + 37*t. Let d(x) be the second derivative of 5*x**4/3 - 7*x**3/3 - 15*x**2/2 - x. Is d(t) composite?
True
Let p(s) = s**3 - 10*s**2 + 24*s + 5. Let a be p(4). Supp